se 2*m = x + 2. Suppose -4*q = -m*q - 26. What is the units digit of q?
6
Suppose -2*f - 5*k - 25 = 0, 0 = 2*k + 5 + 5. Let h(y) = -7 + 6*y + 5*y + f - y. What is the units digit of h(4)?
3
Suppose -3*g + 7*g = 120. Suppose -g = -0*c - 5*c. Let r(p) = 9*p + 11. What is the units digit of r(c)?
5
Suppose 2*x + 5451 = 16059. What is the tens digit of x/20 - (-4)/5?
6
Let u(y) be the third derivative of -y**5/60 + 3*y**4/2 - 10*y**3/3 + 8*y**2. What is the tens digit of u(28)?
0
Suppose -85 = -3*h - 13. Let q = h + -24. Suppose q = -2*d - 1 + 21. What is the tens digit of d?
1
Suppose 2 = -v, -176 = -g + 5*v + 173. What is the units digit of g?
9
Let t = 30 + -32. Let m(z) = -23*z**3 - z**2 + 2. What is the hundreds digit of m(t)?
1
Let a = 41 - 47. Let z(m) = -m**3 - 8*m**2 - 6*m - 9. Let g be z(-7). Let o = a - g. What is the tens digit of o?
1
Suppose h - 15 = -85. Let i = -42 - h. What is the tens digit of i?
2
Let u(y) = y + 6. Let o be u(-3). Let m = 91 + -47. Suppose 0 = -g + o + m. What is the units digit of g?
7
Suppose 5*l - 11 = -1. Suppose -6*z + z = 5*x - 565, 0 = -l*z - 2. What is the tens digit of x?
1
Suppose -7*m + 58 = -8*m. Let z = -30 - -14. Let o = z - m. What is the units digit of o?
2
Let x(p) = -5*p - 3. Let y be x(-1). Suppose 5*l - 19 = -0*h - y*h, 4*l - h = 23. What is the units digit of l?
5
What is the thousands digit of 9/(-18)*3*-844 + 4?
1
Let m(b) = b**2 - 8*b - 7. Let q be m(7). Let f(n) = -3*n + 29. What is the tens digit of f(q)?
7
Let q = -32 + 23. Let w(b) = -b**3 - 8*b**2 + 9*b + 3. What is the units digit of w(q)?
3
Suppose -3*u = -2*w - 18, 0 + 6 = -2*w. Suppose -u*t = 3*s - 31, -5*s + 2 = -3. Suppose m - 4*j - 4 = t, -5*m + 140 = -3*j. What is the tens digit of m?
3
Let w(g) = -20*g**3 + 2. Let o be w(-2). Suppose 0 = 3*q - o - 159. What is the tens digit of q?
0
Let q be (101 - 6) + (0 - -1). Let w = -56 + q. Suppose -2*p = -6*p + w. What is the tens digit of p?
1
Let l(k) = -k**2 + 12*k - 3. Let p be (-2)/(-5) - (-141)/(-15). Let n be ((-6)/(-4))/(p/(-48)). What is the tens digit of l(n)?
2
What is the tens digit of 737 + -3 - (7 - (-3)/(-1))?
3
Let h(f) = -107*f - 161. What is the tens digit of h(-10)?
0
Suppose -69 + 1 = -4*p - 4*r, 5*p = 2*r + 50. What is the units digit of (p/10)/(3 - (-145)/(-50))?
2
Let x(t) be the third derivative of -t**6/120 - t**5/6 + 13*t**4/24 + 5*t**3/6 + 32*t**2. What is the tens digit of x(-12)?
3
Suppose 20*u - 15*u = 320. Let f = 128 - u. What is the tens digit of f?
6
Suppose 5*j = -5, -3*j - 10665 = -4*q + 2*j. What is the hundreds digit of q?
6
Suppose r - 75 = -5*c, 2*r = 4*r. What is the units digit of c?
5
Suppose 2*w - 274 = -2*m, -2*m = 3*w - 102 - 169. Suppose -9*p + 4*p + m = 0. What is the tens digit of p?
2
Suppose -5*a - v = 244, 0*a - 196 = 4*a + v. Let y = a - -86. What is the units digit of y + 3 + -4 - -2?
9
Let w = 38 - 34. Let g(f) = 3*f**2 + 1. Let j be g(4). Suppose 5*o - j = 4*u, -2*o - 32 = -6*o - w*u. What is the units digit of o?
9
Suppose 128*q + 7316 = 2*i + 132*q, -7298 = -2*i + 2*q. What is the tens digit of i?
5
Suppose s - 3*b - 32 = 0, 0 = -3*s - 29*b + 32*b + 102. What is the tens digit of s?
3
Let z be 12*(7/7)/(1 - 3). Let f(x) be the third derivative of x**5/60 + x**4/8 + 2*x**3/3 - x**2. What is the units digit of f(z)?
2
What is the hundreds digit of 4/18 + (-563030)/(-1098)?
5
Suppose 2*y - 1200 = -4*y. What is the hundreds digit of y?
2
Suppose 1950 = 24*c - 2682. What is the units digit of c?
3
Let o be (-699)/(-6)*(-1 - -3). Suppose -2*x = v + 442, 3*v + o = -3*x - 433. What is the tens digit of x/(-12) - (-2)/3?
1
Suppose -2*l = -l - 2*h + 13, 3*l + 4*h = -39. Let f = l + 10. What is the tens digit of (2*f)/((-8)/48)?
3
Let a be 4/(-22) - (-285)/55. Suppose -a*h + 16 = -14. What is the units digit of h/4*(-16)/(-12)?
2
Suppose -55 = 12*o - 7. What is the units digit of -3 + (-144)/o + 3?
6
Let p(l) = 56*l**2 + 1. Let r be p(-1). Suppose z + 3*d = 7*d + r, 0 = 3*z + 3*d - 111. What is the units digit of z?
1
Let q(k) = -30*k + 34. What is the tens digit of q(-14)?
5
Suppose -118*w + 113*w - 10 = 0. Let u(h) = -10*h - 5. Let j(r) = 30*r + 15. Let l(d) = -3*j(d) - 8*u(d). What is the units digit of l(w)?
5
Suppose 5*m + u - 25 = 5*u, -5*u = -4*m + 11. Let t = m + 13. What is the tens digit of t?
2
Let s(m) = m**3 - 5*m**2 + 4*m + 1. Let n(p) = p + 8. Let y be n(-4). What is the units digit of s(y)?
1
What is the hundreds digit of 1/(-3)*(-10192 - -139)?
3
Suppose -9*t + 0*t + 18 = 0. What is the units digit of (t/2)/(3/453)?
1
Let c = 1784 - 927. What is the hundreds digit of c?
8
Let j(f) = -20*f - 623. What is the tens digit of j(-64)?
5
Suppose -43*r + 30*r = -16250. What is the units digit of r?
0
Suppose 4*b = -4*w + 5484, 4*w + 7*b - 2*b = 5481. What is the tens digit of w?
7
Let p(w) = w**3 + 51*w**2 + 93*w + 14. What is the hundreds digit of p(-49)?
2
Let u = 6 + 64. Suppose -3*h = -2*h - u. What is the units digit of h?
0
Suppose 19280 = 68*r - 60*r. What is the units digit of r?
0
Let h be 1/(5/2 + -2). Suppose -3*b + 320 = h*b. What is the tens digit of b?
6
Let l(b) = -b. Let z be l(-1). Let m be 20/(z + -1 + 2). Suppose m - 41 = -n. What is the units digit of n?
1
Suppose 5*j = 1 + 29. Suppose 3*k + 87 = j*k. Let y = 74 - k. What is the units digit of y?
5
Let r = 230 + -77. Suppose 0 = -3*i + 3*t - 0*t + 198, 0 = -2*i - 5*t + r. What is the units digit of i?
9
Let y be 3/9 + (-50)/15. Let w be (0/4)/y*-1. Suppose w = -4*l - 16, -2*d - 4 = 5*l - 6. What is the units digit of d?
1
Let q = 4418 + -2637. What is the thousands digit of q?
1
Suppose -5*a + 0*a = -155. Suppose -a = -3*b - f, 6*f = -5*b + f + 55. Let r = 37 - b. What is the units digit of r?
7
Let n be 25 + 2/(-5) + (-102)/(-30). Suppose -1962 = 19*f - n*f. What is the hundreds digit of f?
2
Let v = -41 + 43. Suppose -2*b + 306 = -2*y, 4*y - 141 = -b + v*y. What is the units digit of b?
9
Suppose -5*s + 452 - 162 = 0. Let v = 116 - s. What is the tens digit of v?
5
Let a = 3 + -1. Let x be (-2 + 6)*(5 - 3). Suppose x = a*c - 74. What is the tens digit of c?
4
Let w = -7 + 283. Let g = -127 + w. What is the tens digit of g?
4
What is the thousands digit of (4 - 13)/(5/4910*-2)?
4
Let u(o) be the first derivative of -10*o**2 + 3*o - 2. Let z(w) = -11*w + 86. Let a be z(8). What is the units digit of u(a)?
3
Suppose -h = h - 102. Suppose -16*b = -17*b + 18. Let t = h - b. What is the units digit of t?
3
Let l(q) = q**3 - 4*q**2 + 11*q - 7. Let p be l(8). Let g = p + -194. What is the units digit of g?
3
Let u be 1*444/16*(-8)/(-2). Let r = -50 + u. What is the units digit of r?
1
Let r = 7 + -4. Let i = 471 - 465. Suppose 0 = 4*f - r*f - i. What is the units digit of f?
6
Suppose 3*b = 786 + 666. What is the hundreds digit of b?
4
Let c(l) = l**2 + 15. Let m be 168/16*4/(-6). What is the tens digit of c(m)?
6
Suppose 5*m = 5*u - 15, -4*u + 2*u = 3*m - 11. Suppose 6 + 2 = u*n. Suppose 46 = n*v - 5*l + l, 2*v = 2*l + 54. What is the units digit of v?
1
Suppose -20 = p + 5*r, 9 - 1 = 5*p - 2*r. Suppose p = 3*x - x, -2*j = -2*x - 136. What is the units digit of j?
8
Let d(c) = c**2 + 7*c - 80. What is the units digit of d(-35)?
0
Suppose 0 = -4*d - 3*o + 3, 2*o = -2*d - 2*o - 6. Suppose -195 = -4*q - b, q + 2*b = d*q - 100. Let z = q + -30. What is the units digit of z?
9
Suppose -40*i + 97264 + 8776 = 0. What is the hundreds digit of i?
6
Suppose -h - 5 = t + 7, 10 = -2*h. What is the units digit of 18/42 - 74/t?
1
Let d(l) = l**3 - 7*l**2 - 8*l + 5. Let i be d(8). Suppose -3*z = -i*z + 8. Suppose 0*m = z*m - 116. What is the tens digit of m?
2
Suppose -4*i - v = -11, 0 = -4*i + 3*v - 1. Suppose n - 3 = 0, -2 = i*y + 2*n - 12. What is the tens digit of -6*((-3)/y + -2)?
2
Suppose -1054 = -l - 3*z, 5*z = 4*l - 2003 - 2179. What is the thousands digit of l?
1
Let o = 202 + -51. Let t = o - 93. What is the tens digit of t?
5
Let w(n) = 5*n. Let d(q) = -6*q. Let t(a) = -4*d(a) - 5*w(a). Let l be t(-3). Suppose -l*r + 9 = -60. What is the tens digit of r?
2
Let z = 934 + -666. What is the units digit of z?
8
Suppose -417*t + 403*t + 75572 = 0. What is the tens digit of t?
9
Suppose -5*r - t = -0*r, -2*r = 3*t. Suppose 2*v - 9*v + 1001 = r. What is the tens digit o